ided by 103.
100
What is the remainder when 216 is divided by 22?
18
What is the remainder when 123 is divided by 39?
6
What is the remainder when 637 is divided by 40?
37
Calculate the remainder when 554 is divided by 295.
259
Calculate the remainder when 65 is divided by 23.
19
What is the remainder when 3717 is divided by 27?
18
Calculate the remainder when 115 is divided by 25.
15
Calculate the remainder when 1080 is divided by 34.
26
What is the remainder when 633 is divided by 30?
3
Calculate the remainder when 200 is divided by 68.
64
Calculate the remainder when 89 is divided by 7.
5
What is the remainder when 934 is divided by 305?
19
Calculate the remainder when 110 is divided by 3.
2
Calculate the remainder when 4540 is divided by 142.
138
What is the remainder when 502 is divided by 74?
58
What is the remainder when 293 is divided by 256?
37
What is the remainder when 319 is divided by 7?
4
What is the remainder when 994 is divided by 41?
10
What is the remainder when 5455 is divided by 182?
177
Calculate the remainder when 381 is divided by 10.
1
Calculate the remainder when 813 is divided by 401.
11
Calculate the remainder when 110 is divided by 57.
53
What is the remainder when 64 is divided by 51?
13
What is the remainder when 450 is divided by 156?
138
What is the remainder when 129 is divided by 17?
10
What is the remainder when 58 is divided by 30?
28
Calculate the remainder when 1259 is divided by 13.
11
What is the remainder when 1450 is divided by 132?
130
What is the remainder when 369 is divided by 52?
5
Calculate the remainder when 954 is divided by 85.
19
What is the remainder when 126 is divided by 65?
61
What is the remainder when 110 is divided by 7?
5
Calculate the remainder when 141 is divided by 62.
17
Calculate the remainder when 29 is divided by 4.
1
What is the remainder when 229 is divided by 102?
25
Calculate the remainder when 10 is divided by 5.
0
What is the remainder when 1280 is divided by 7?
6
What is the remainder when 521 is divided by 97?
36
Calculate the remainder when 5029 is divided by 13.
11
Calculate the remainder when 3984 is divided by 97.
7
Calculate the remainder when 1094 is divided by 158.
146
What is the remainder when 361 is divided by 62?
51
Calculate the remainder when 41 is divided by 25.
16
What is the remainder when 741 is divided by 369?
3
Calculate the remainder when 123 is divided by 10.
3
Calculate the remainder when 209 is divided by 101.
7
What is the remainder when 2411 is divided by 25?
11
Calculate the remainder when 316 is divided by 60.
16
Calculate the remainder when 41 is divided by 27.
14
Calculate the remainder when 178 is divided by 30.
28
Calculate the remainder when 1304 is divided by 76.
12
What is the remainder when 77 is divided by 37?
3
What is the remainder when 3061 is divided by 4?
1
What is the remainder when 19 is divided by 11?
8
What is the remainder when 66 is divided by 10?
6
What is the remainder when 467 is divided by 95?
87
Calculate the remainder when 613 is divided by 15.
13
Calculate the remainder when 3498 is divided by 1721.
56
What is the remainder when 38362 is divided by 169?
168
Calculate the remainder when 419 is divided by 85.
79
Calculate the remainder when 141 is divided by 38.
27
Calculate the remainder when 363 is divided by 54.
39
Calculate the remainder when 44 is divided by 11.
0
Calculate the remainder when 409 is divided by 82.
81
What is the remainder when 323 is divided by 68?
51
What is the remainder when 370 is divided by 75?
70
What is the remainder when 139 is divided by 29?
23
Calculate the remainder when 1080 is divided by 507.
66
What is the remainder when 97 is divided by 69?
28
Calculate the remainder when 64 is divided by 29.
6
Calculate the remainder when 2431 is divided by 64.
63
Calculate the remainder when 4929 is divided by 17.
16
Calculate the remainder when 4004 is divided by 89.
88
Calculate the remainder when 329 is divided by 24.
17
What is the remainder when 12298 is divided by 25?
23
What is the remainder when 5 is divided by 5?
0
What is the remainder when 386 is divided by 56?
50
Calculate the remainder when 579 is divided by 23.
4
What is the remainder when 270 is divided by 29?
9
What is the remainder when 208 is divided by 30?
28
Calculate the remainder when 3541 is divided by 13.
5
Calculate the remainder when 20041 is divided by 22.
21
What is the remainder when 1338 is divided by 221?
12
Calculate the remainder when 32 is divided by 10.
2
What is the remainder when 932 is divided by 8?
4
What is the remainder when 27 is divided by 8?
3
Calculate the remainder when 5350 is divided by 45.
40
What is the remainder when 755 is divided by 246?
17
Calculate the remainder when 64 is divided by 19.
7
Calculate the remainder when 2151 is divided by 107.
11
What is the remainder when 7040 is divided by 638?
22
What is the remainder when 437 is divided by 16?
5
Calculate the remainder when 379 is divided by 95.
94
What is the remainder when 70 is divided by 36?
34
Calculate the remainder when 425 is divided by 7.
5
What is the remainder when 112 is divided by 51?
10
What is the remainder when 540 is divided by 16?
12
Calculate the remainder when 2078 is divided by 20.
18
What is the remainder when 2131 is divided by 52?
51
What is the remainder when 150 is divided by 7?
3
Calculate the remainder when 594 is divided by 73.
10
Calculate the remainder when 10 is divided by 8.
2
Calculate the remainder when 214 is divided by 208.
6
What is the remainder when 972 is divided by 471?
30
Calculate the remainder when 289 is divided by 29.
28
Calculate the remainder when 33 is divided by 4.
1
What is the remainder when 177 is divided by 32?
17
Calculate the remainder when 1351 is divided by 20.
11
What is the remainder when 4792 is divided by 80?
72
Calculate the remainder when 908 is divided by 30.
8
Calculate the remainder when 347 is divided by 85.
7
What is the remainder when 673 is divided by 43?
28
What is the remainder when 78 is divided by 31?
16
What is the remainder when 67 is divided by 34?
33
What is the remainder when 436 is divided by 39?
7
What is the remainder when 238 is divided by 48?
46
Calculate the remainder when 38 is divided by 14.
10
Calculate the remainder when 219 is divided by 46.
35
Calculate the remainder when 2881 is divided by 28.
25
What is the remainder when 236 is divided by 14?
12
Calculate the remainder when 5098 is divided by 170.
168
Calculate the remainder when 306 is divided by 18.
0
What is the remainder when 29 is divided by 9?
2
Calculate the remainder when 397 is divided by 100.
97
What is the remainder when 75 is divided by 36?
3
Calculate the remainder when 5021 is divided by 162.
161
What is the remainder when 80 is divided by 20?
0
What is the remainder when 47 is divided by 20?
7
What is the remainder when 661 is divided by 608?
53
Calculate the remainder when 294 is divided by 153.
141
What is the remainder when 15206 is divided by 371?
366
Calculate the remainder when 8 is divided by 4.
0
What is the remainder when 57 is divided by 20?
17
Calculate the remainder when 32 is divided by 26.
6
What is the remainder when 1572 is divided by 45?
42
Calculate the remainder when 95 is divided by 36.
23
Calculate the remainder when 998 is divided by 108.
26
Calculate the remainder when 3041 is divided by 169.
168
What is the remainder when 1230 is divided by 77?
75
What is the remainder when 4376 is divided by 60?
56
Calculate the remainder when 308 is divided by 62.
60
Calculate the remainder when 399 is divided by 137.
125
What is the remainder when 14697 is divided by 105?
102
What is the remainder when 234 is divided by 118?
116
Calculate the remainder when 3812 is divided by 1260.
32
Calculate the remainder when 148 is divided by 68.
12
Calculate the remainder when 18659 is divided by 14.
11
What is the remainder when 1448 is divided by 44?
40
What is the remainder when 96 is divided by 20?
16
What is the remainder when 2140 is divided by 195?
190
What is the remainder when 791 is divided by 3?
2
Calculate the remainder when 1543 is divided by 8.
7
Calculate the remainder when 27 is divided by 26.
1
Calculate the remainder when 32 is divided by 10.
2
Calculate the re